vided by 2?
1
Let x = -12 - -20. Suppose 0 = -2*p - 5*t + 4, -2*p - 2*t + x = 2*p. Calculate the remainder when 6 is divided by p.
0
Let c be 12/(-4*(-3)/42). Let y = 61 - c. What is the remainder when 74 is divided by y?
17
Let q(y) = y**2 - 8*y + 7. Let g be q(8). Suppose 0 = -4*j + g + 197. Suppose -f = -3*o + j, f + 45 = 3*o + 2*f. What is the remainder when o is divided by 9?
7
Let n(x) = x**2 + 3*x + 8. Calculate the remainder when n(-9) is divided by 16.
14
Let m(p) = 5*p - 1. Let o be m(1). Suppose 2*v - 11 = -3*y - 3*v, o*y - 63 = 3*v. Let j(b) = 7*b - 8. Calculate the remainder when j(6) is divided by y.
10
Let o = 2 + 2. Suppose -5*r = -g - 26, 7*g - 3*g + o = 0. Calculate the remainder when 13 is divided by r.
3
What is the remainder when (-9)/(18/(-40)) - 1 is divided by 7?
5
Let i(y) = y**2 - 9. Suppose 5*l - 54 = c, -4*l + 37 = -l + 4*c. Calculate the remainder when l is divided by i(4).
4
What is the remainder when (-119 - 3)/(2/(-1)) is divided by 31?
30
Let l = 2 - -5. Let j = 3 + -5. Let z = j + l. What is the remainder when 8 is divided by z?
3
Suppose 4*v - 46 = 38. Let x = v + -13. What is the remainder when 22 is divided by x?
6
Calculate the remainder when 29 is divided by (1 - 1) + (-72)/(-12).
5
Suppose -82 = -3*l + l. Calculate the remainder when l is divided by 11.
8
Suppose 2*d - d = 0. Let r be (-3 - d - -2)*0. Suppose -5*z + 3*g + 36 = r, 5*z + 5*g = 22 + 38. What is the remainder when 25 is divided by z?
7
Let k = 10 + -5. Suppose 0 = -u - 4*v + 4 + 3, -k*u + 16 = v. Suppose -10 = -u*m - 1. What is the remainder when 5 is divided by m?
2
Suppose -6 + 13 = x. What is the remainder when 11 is divided by x?
4
Suppose -5 = -2*b + 27. What is the remainder when 62 is divided by b?
14
Let m be (3/(-6))/((-2)/(-4)). Let s be (m - -4)/(6/510). Suppose 4*x - s = -x. What is the remainder when x is divided by 18?
15
Let t be (0*(1 + 0))/1. Calculate the remainder when -3 + 0 + t + 61 is divided by 20.
18
Let s = -29 + 40. What is the remainder when 43 is divided by s?
10
Suppose -l - 3 = r + 6, 0 = -3*l - 12. Calculate the remainder when (2/r)/(4/(-120)) is divided by 7.
5
Let o be (-1)/((-5)/90*2). Let n(c) = -7 + 0 + 1 + c. Calculate the remainder when 8 is divided by n(o).
2
Let t(b) be the first derivative of -b**3/3 + b**2 - 2*b - 2. Let i(h) be the first derivative of t(h). What is the remainder when i(-2) is divided by 4?
2
Let v(m) = -m**3 - 7*m**2 - 4*m + 10. Let n = -8 - -1. Let k be v(n). Suppose 2*t + 0*t = k. What is the remainder when t is divided by 5?
4
Let o be 3/(-1 + -2) - -3. Let n(v) = 2*v**2 - 2*v + 7. Let k(l) = -l**2 + l - 4. Let i(j) = 5*k(j) + 3*n(j). What is the remainder when 4 is divided by i(o)?
1
Suppose 4*p - l - 3*l = 56, -l + 22 = 2*p. What is the remainder when 57 is divided by p?
9
Let r(x) = x**3 - 7*x**2 + 2*x - 8. Let d(m) = -21*m. What is the remainder when d(-1) is divided by r(7)?
3
Suppose 3*w + 7 = 25. What is the remainder when (-4)/(-18) - 2870/(-126) is divided by w?
5
Suppose -b - 15 = 4*b. Calculate the remainder when 21/6*(-4 + 10) is divided by (-2)/b - 31/(-3).
10
Let u = 16 + -9. Let q(l) = 4*l**3 + 2*l - 6*l**3 + l**3 + 0*l. Calculate the remainder when u is divided by q(-2).
3
Suppose 27*p - 22*p - 50 = 0. Suppose -2*h = -3*h + 18. What is the remainder when h is divided by p?
8
Let y be -3 + 2 - -1 - 9. Let m = -7 - y. Calculate the remainder when 3 is divided by m.
1
What is the remainder when 23 is divided by (-144)/27*6/(-4)?
7
Suppose 0 = -4*j + 185 + 107. What is the remainder when j is divided by 38?
35
Let x(r) = 2*r**2 - 4*r + 3. Calculate the remainder when x(4) is divided by 7.
5
Let m(w) = -2*w - 12. Let u be m(-8). Suppose -2*n = u*g - 52 - 22, 2*g = 2*n - 68. Calculate the remainder when (n/21)/(1/30) is divided by 17.
16
Suppose -3*q = 14 - 41. What is the remainder when 23 is divided by q?
5
Suppose 4*k - 68 = 3*p, 92 = 4*k + 3*p - 0*p. Suppose k = -3*g + 95. Calculate the remainder when g is divided by 9.
7
Suppose 5*r = 13 + 12. Let k = 260 - 125. Suppose -r*c + k = -115. What is the remainder when c is divided by 17?
16
Suppose -2*n + 14 = -0*n + 5*y, -3*y = -5*n + 4. Suppose 3*b + 0*b - n*g = 69, 2*g = b - 19. What is the remainder when b is divided by 9?
7
Let r be (-6 - -3 - 1)/1. Let a = 6 + r. Let j = -1 + 2. Calculate the remainder when a is divided by j.
0
Let m(h) = -h**3 + 10*h**2 + 12*h + 1. Suppose -17*a + 12*a + 55 = 0. Calculate the remainder when 45 is divided by m(a).
9
Let k(n) = -5*n + 4*n + 4 - 1. Calculate the remainder when 18 is divided by k(-7).
8
Suppose -3*w + 2*w + 3 = s, 20 = -4*w. Calculate the remainder when 21 is divided by s.
5
Suppose -w + 25 = 3*q, 0*q + 51 = 3*w - 3*q. What is the remainder when 54 is divided by w?
16
Suppose l + 96 = 4*l. What is the remainder when l is divided by 17?
15
Suppose 0*u - 2*u = -164. Suppose 3*q + u = -3*h + 8*h, 2*q - 53 = -3*h. What is the remainder when h is divided by 9?
8
Suppose -5*p + 73 + 22 = 0. Calculate the remainder when 53 is divided by p.
15
Let l(x) = 133*x - 154. Let r(v) = -12*v + 14. Let w(u) = -5*l(u) - 56*r(u). Suppose 2*n - 25 = -5. What is the remainder when w(6) is divided by n?
8
Suppose 0 = -g + 1 + 6. Suppose -56 = 3*j - 5*j. Suppose w - j = -3*w - 4*n, 0 = 5*n - 25. Calculate the remainder when g is divided by w.
1
Let g be (-24)/(-2)*(-8)/16. Let s(n) = -n**2 - 9*n + 3. Calculate the remainder when ((-20)/g)/(1/15) is divided by s(-7).
16
Let r(p) = p**3 - 7*p**2 + 9*p - 2. Calculate the remainder when 30 is divided by r(6).
14
Let s = -78 - -105. Calculate the remainder when 99 is divided by s.
18
Suppose 3*h - 10 - 2 = 0. Suppose 0 = 3*q + 4*i - 28 - 2, 0 = 5*q + 3*i - 50. What is the remainder when q is divided by h?
2
Suppose -y = 4*y - 50. Let h = 74 + -45. What is the remainder when h is divided by y?
9
Calculate the remainder when 13 is divided by 3/(-4) - (-228)/48.
1
Calculate the remainder when 72 is divided by 45/6*(1 + 1).
12
Suppose 66 = 5*x - 24. Calculate the remainder when x is divided by 5.
3
Calculate the remainder when 76*-1*1/(-2) is divided by 21.
17
Let x = 30 - -15. Calculate the remainder when x is divided by 24.
21
Suppose 3*v = -4*c + 4*v + 24, 2*c + 3*v + 2 = 0. Suppose -c - 7 = -3*s. Let q(i) = i**2 + i + 4. Calculate the remainder when q(-3) is divided by s.
2
Suppose i = 5*i - 3*d - 31, 0 = -2*i - 5*d - 17. Let f(n) = -n**2 + 4*n + 3. Let v = 10 + -5. Calculate the remainder when v is divided by f(i).
2
Let g(y) = 5*y**2 - 3. What is the remainder when g(-2) is divided by 10?
7
Let j = 8 + -6. Let t = -4 - -5. Calculate the remainder when j is divided by t.
0
Suppose o - 4*w = 1 + 2, -o = 4*w + 5. What is the remainder when (4 + 3/o)*4 is divided by 3?
1
Suppose 0 = 4*s - 1 + 9. What is the remainder when (-2)/((-3)/(82 - s)) is divided by 19?
18
Let h(u) = 17*u**2 - u. Let f(i) = -i - 5. Let q be f(-4). Calculate the remainder when 69 is divided by h(q).
15
Suppose -4 = -x - 3*x. Let y = x + 1. Calculate the remainder when y is divided by 1.
0
Suppose 8*t = 3*t + 45. What is the remainder when 33 is divided by t?
6
Suppose 3*d + 24 = y, 4*y + 2*d - 89 - 21 = 0. Calculate the remainder when y is divided by 7.
6
Let a(u) = -u**2 + 16*u - 14. Calculate the remainder when a(9) is divided by 18.
13
Let s = -32 + 55. Calculate the remainder when s is divided by 14.
9
Let v(k) = -1 + 0*k + k - 2*k + 5*k**2. Let o be v(-1). Suppose -99 - 19 = -5*p + 4*m, -112 = -o*p + m. What is the remainder when p is divided by 12?
10
Suppose -b = -4*b + 9. Suppose -b*u + 28 = u. Suppose 5*i + 0*i - r - 99 = 0, -2*i + 5*r + 35 = 0. Calculate the remainder when i is divided by u.
6
Suppose 5*b = 2*n + 41, -4*n = -5*b - 0*b + 37. Let o(a) = a**2 + 10*a + 19. Calculate the remainder when b is divided by o(-8).
0
Suppose 85 = 17*g - 374. Calculate the remainder when 79 is divided by g.
25
Let p(i) = -i**3 + 9*i**2 - 9*i + 2. Let f be p(8). Let n(c) = -2*c + 4. Calculate the remainder when 61 is divided by n(f).
13
Suppose -8*n + 650 = 2*n. Let h(z) = z**3 + 7*z**2 - 4*z - 6. Calculate the remainder when n is divided by h(-7).
21
Suppose -o + 5*b + 9 = -33, -5*o - 3*b + 98 = 0. Let r = 82 + -58. What is the remainder when o is divided by (r/14)/(1/7)?